, -4*j - 4*z + 72 = 0. Let w(i) = 10*i - 23. Let o be w(j). Suppose o = t + 4*y, 3*t - t + 4*y = 330. Is t prime?
True
Let n(q) = 3*q**2 + 102*q + 11947. Is n(0) prime?
False
Suppose -4970537 + 23060245 = 141*g - 1611235. Is g a prime number?
False
Let o be (273/(-14))/((-126)/64 - -2). Let p = 4361 - o. Is p composite?
True
Let m(n) = -1 - 36*n + 39*n - 8*n**3 - n**2 - 2*n**3. Is m(-3) a prime number?
True
Let v(g) = -g**2 - 9*g - 3. Let y be v(-13). Let m = y + 35. Let p(s) = -s**3 - 20*s**2 - 3*s - 35. Is p(m) composite?
True
Suppose 50*w - 18 = 41*w. Suppose 3*h + w = -4, -5*c + 136107 = 4*h. Is c composite?
True
Let v(a) = -a**3 - 6*a**2 + 4*a - 8. Let k be v(-9). Suppose 0 = 2*c + 10, 1248 + 1257 = 5*u - 4*c. Suppose -s + k + 32 = -4*h, -h = -2*s + u. Is s composite?
False
Let x be 1*9 - (-346218)/(-19). Let v = x + 31000. Is v prime?
False
Let o(r) = -9*r + 10838. Let t be o(0). Let g = t + -7399. Is g a composite number?
True
Let a(z) = -2*z - 33. Let u be a(-18). Is (1/u)/((-35)/(-3190845)) prime?
True
Let s(r) = 318*r - 9. Let t(i) = 637*i - 18. Let z be (-4 + -2)*2/(-6). Let w(g) = z*t(g) - 5*s(g). Is w(-2) a composite number?
False
Is (-3 + (-4570139)/(-7))/((-6)/(-3)) composite?
False
Suppose 74*k = 33*k + 764117. Is k a composite number?
False
Suppose 5*k + w = 66, 4*k = -w - 1 + 54. Suppose 4*m = -1 + k. Suppose m*c + 3*l = -0*c + 1074, -c + l + 348 = 0. Is c a composite number?
False
Let m = 258 - 260. Is (5/m)/((-1)/862) a composite number?
True
Let l(g) be the third derivative of -g**5/60 + g**4/8 - g**3/6 - 8*g**2. Let j be l(0). Is (j + 6/3)*541 a prime number?
True
Suppose -90*c + 140*c - 2868050 = 0. Is c a prime number?
False
Suppose 18 = -o - 4*m + 2, 4*m + 16 = -2*o. Suppose 4*x + o*x - 13976 = -4*j, 0 = -2*x - 4*j + 6990. Is x prime?
False
Let j(b) = b**3 + 12*b**2 - 33*b - 33. Let s be j(-14). Suppose -s*g = -14*g - 37651. Is g composite?
False
Let v(i) = 2*i**2 + 2*i + 11. Let m be v(0). Suppose -4*c + 4 = 5*t - m, -c + t - 3 = 0. Suppose 13*g - 8*g - 1655 = c. Is g a prime number?
True
Suppose 0 = -o + 5*o + 3*v - 1, -5*v = 5*o + 5. Let f be ((-10)/8)/((-1)/o). Let w(i) = 10*i**3 + 9. Is w(f) prime?
True
Let k(h) = 13*h + 9. Let q(u) = 25*u + 17. Let x(s) = 9*k(s) - 4*q(s). Let c be (2 - -3)/((-5)/(-18)). Is x(c) composite?
True
Suppose -7*r + 12*r = -2*t + 9, 4*r - t - 15 = 0. Suppose 18 = -3*z - i - r*i, 0 = -i - 3. Is z/(-6) + (-288500)/(-75) composite?
False
Let l(k) = 80*k**2 - 25*k + 43. Let y = -446 + 434. Is l(y) a composite number?
False
Let l(f) = -64*f**3 + 6*f**2 + 10*f + 29. Is l(-4) prime?
False
Suppose 8*j - 728969 - 399546 + 571 = 0. Is j composite?
True
Suppose -10*g = -6*g - 44. Suppose 0 = g*s - 2*s - 36. Suppose s*z - 219 = -4*j + 61, 2*z = 2. Is j a composite number?
True
Suppose 5*g - 141302 = -39*c + 37*c, -4 = g. Is c prime?
False
Let g(m) = 5629*m**2 - 46*m - 31. Is g(-4) composite?
False
Let i(f) = 3*f**2 + 2*f + 1. Let u be i(-1). Suppose -u*l = 2, 2*k - 3*l = -2*k + 107. Suppose -k*j - 7204 = -30*j. Is j prime?
True
Suppose -3*f - 7 = -115. Let d be 2*2*f/9. Let y(t) = t**2 - 15*t + 61. Is y(d) prime?
False
Let i(v) = v**3 - 15*v**2 + 16*v - 27. Let u be i(14). Is 236 + (-2 - -3)/u a prime number?
False
Let t(f) = -35*f**3 - 16*f**2 - 26*f + 3. Let r(m) = 107*m**3 + 47*m**2 + 79*m - 10. Let l(p) = 2*r(p) + 7*t(p). Is l(-6) a prime number?
False
Let r(l) = 3*l**2 + 94*l + 46. Let s be r(-31). Suppose 0 = -s*q - 3*q + 360378. Is q prime?
True
Let p be ((47 - 2)/(-3))/(2 + -5). Let o(l) = 50*l**3 + 2*l**2 - 3*l - 2. Let f be o(3). Suppose 12*b = -p*c + 7*b + 2265, -3*c - 2*b = -f. Is c a prime number?
False
Let p(q) = -118059*q - 46. Let d be p(-4). Suppose 0 = -46*x - d + 1489756. Is x a prime number?
False
Let q be 27/18*16/2 + 3. Suppose w + q*i - 4707 = 11*i, -w = 3*i - 4706. Is w a composite number?
False
Suppose -q + 557492 = 2*b, -187*q + 185*q + 836237 = 3*b. Is b prime?
False
Let n(s) = s**3 + 3*s**2 + 4*s - 6. Let j be n(-3). Is (-4)/j + (-761240)/(-72) prime?
False
Let k(t) = -71*t + 301*t - 103*t + 56 + 366*t. Is k(5) a composite number?
False
Let h(g) = -3*g - 5. Let i be h(-4). Let w(a) = 123 + 63 - 264 + 47*a + 102. Is w(i) composite?
False
Let n(h) = 4716*h + 173. Is n(16) a prime number?
True
Let o = -61283 + 337360. Is o prime?
False
Let v(l) = -374*l**3 - 2*l**2 + 150*l + 1055. Is v(-7) composite?
False
Let y(d) = 437*d + 101. Let w be y(-10). Is (62/(-6) + 6)*w a composite number?
True
Let d = -11167 + 32040. Is d a composite number?
False
Let o(t) = -2*t**3 + 11 - 5*t**2 - 23 + 35 + 20 - 12*t. Is o(-16) a prime number?
False
Suppose -n = -3*p + 1098 + 2708, -4*p - 5*n + 5100 = 0. Let h(x) = 2*x**3 + 2*x**2 - 693. Let k be h(0). Let r = p + k. Is r prime?
True
Suppose 0 = -41132*b + 41110*b + 2485274. Is b composite?
False
Let f be -1 + 2 + 4/2. Suppose 6*p = 3*p + 29481. Suppose 4*u = f*j + 2*u - p, -j + 4*u + 3289 = 0. Is j a prime number?
False
Let h be (5 - -1)/((-3)/8). Suppose 4*d = -z + 32, -8 = -d - 3*z - z. Is (-2)/d + (-12756)/h a composite number?
False
Let p(y) = 14910*y + 5311. Is p(44) composite?
True
Suppose 2*z = 6 + 26. Let x = 14 - z. Is 1/x*(-368 + -6) a prime number?
False
Let a(d) be the third derivative of 609*d**4/8 - 64*d**3/3 - 13*d**2 - 4. Is a(3) prime?
False
Let x(b) = 13*b**3 - 30*b**2 + 26*b + 4. Let j(n) = -n**3 - n**2 - 4*n - 19. Let z be j(-3). Is x(z) composite?
False
Let w be 23/(-2) + (-3)/2. Let t(g) = 4*g + 49. Let s be t(w). Is 1 - (2 + -743 + s) a composite number?
True
Let y(o) = 6597*o - 2983. Is y(20) composite?
True
Suppose 2*n - 963 = 441. Suppose -4282 - 5777 = 21*z. Let v = n + z. Is v prime?
True
Let h(g) = -5 + 4 + 5 + 2*g**2. Let t(s) = 51*s - 1629. Let o be t(32). Is h(o) prime?
False
Suppose -11*i + 483254 + 220366 = 36987. Is i prime?
False
Let a = -30146 + 51808. Is a a prime number?
False
Suppose 0 = 14*p - 2981076 - 3085082. Is p composite?
True
Suppose -138*z - 4692282 = -103*z - 77*z. Is z a prime number?
True
Let g(a) = -22*a - 174. Let p be g(-8). Suppose 3*u - p*j = -j + 17774, -2*j + 29605 = 5*u. Is u a prime number?
True
Let q be (-20)/(-8) - (-272)/(-32). Is ((-505)/(q + 1))/(-1)*-17 a composite number?
True
Let h be ((-4)/(-6))/(-3 - 188/(-60)). Suppose -h*p + 10*p - 1035 = 5*m, -3*m + 394 = 2*p. Suppose 3*c = 64 + p. Is c composite?
False
Let b(t) = 15*t**2 + 80*t - 67. Let h be b(10). Let f(n) = 115*n - 1. Let x be f(-5). Let i = x + h. Is i prime?
True
Let c be (1/3)/((-11)/264*4). Let n(v) = 1588*v**2 - 4*v - 13. Is n(c) composite?
True
Let r be ((-1)/(-2))/(11/11)*16. Let u(y) = -7 - 15 + 54*y - 13. Is u(r) a prime number?
True
Suppose 0 = -3*k + 174 - 2220. Let y = 3135 + k. Is y a prime number?
False
Let k be (-7)/((-28)/(-12)) + -28. Let h = -27 - k. Suppose 3*z = -h*w + 631 + 733, 0 = 4*w + 4*z - 1364. Is w a prime number?
False
Suppose 172496 - 8020 = 13*v. Suppose 0 = -37*a + 51765 + v. Is a a composite number?
False
Let d = 272 + -275. Is d/(-9) + 9760/24 composite?
True
Suppose 0 = 2*s + 6*s - 48. Suppose 20910 = 11*b - s*b. Suppose 0 = -6*n + b - 408. Is n a prime number?
False
Suppose 3*g - 4*c - 277668 + 111755 = 0, 4*g + 2*c = 221210. Is g a prime number?
False
Suppose 132*j - 1616510 + 68018 = 0. Is j a prime number?
True
Let a = -7 - -86. Suppose 9*u - 110 = a. Is u composite?
True
Suppose -2323839 - 4322983 = -9*w - 928888. Is w prime?
False
Is 1/((-1)/(-534672)) + -73 + 70 a prime number?
False
Let u(q) = -1952*q + 1809. Is u(-13) composite?
True
Suppose m = -5*i + 36737, 0 = 2*i + 5*m - 14286 - 372. Is i a prime number?
True
Let x = -70 - -70. Let s be (-2674)/(-2) - (-1 + x). Is ((-1)/(-2))/(-3*(-1)/s) prime?
True
Suppose 19*q = -6 + 63. Is 1016/48*110 - (-2)/q a prime number?
False
Let b(x) = x**3 - 11*x**2 - 6*x - 12. Let c be b(12). Is (-2006)/(-8) + (c/(-16) - -4) prime?
True
Let w be (-12)/24*(1 - 2669). Let v = w + -471. Is v a composite number?
False
Let a(z) = 2 - 26*z**2 + 6*z + 112*z**2 + 9 - 2. Is a(-4) a composite number?
False
Let g = -117 + 117. Suppose g*n - 30 = 6*n. Let r(j) = -71*j + 34. Is r(n) a composite number?
False
Let y(v) = 19*v**3 + 4*v**2 - 9*v + 5. Let r be y(2). Suppose 9 = 3*t, 3*s + t - r = -s. Is s a prime number?
False
Suppose 0 = -4*p + 40 + 8. 